r of 1174048416?
True
Does 16 divide 1003177641?
False
Is 2234048383 a multiple of 4001?
False
Does 6205 divide 5457750465?
True
Is 91 a factor of 19963271?
False
Is 114259728 a multiple of 1917?
False
Does 600 divide 134629366?
False
Does 18 divide 4771903?
False
Is 70149976 a multiple of 4978?
True
Is 118357560 a multiple of 24?
True
Is 14115708 a multiple of 36?
True
Is 4020 a factor of 6801714856?
False
Is 819354651 a multiple of 13?
False
Does 260 divide 9027521?
False
Is 818 a factor of 188715872?
True
Is 494763005 a multiple of 115?
True
Does 11 divide 385476476?
True
Is 334 a factor of 366673884?
True
Is 38 a factor of 6428384?
True
Is 293 a factor of 134295964?
True
Is 81393042 a multiple of 6?
True
Is 36 a factor of 67455711?
False
Is 12 a factor of 221421336?
True
Does 116 divide 7100244?
True
Is 1621100000 a multiple of 377?
True
Is 19196686 a multiple of 1314?
False
Is 5087568681 a multiple of 162?
False
Is 68 a factor of 71429561?
False
Does 301 divide 135353707?
False
Is 101 a factor of 1028463406?
True
Is 9195500 a multiple of 8?
False
Is 1250549284 a multiple of 23?
True
Is 1114979867 a multiple of 353?
False
Is 853934400 a multiple of 9900?
True
Is 7536552 a multiple of 24?
True
Is 580 a factor of 885509200?
True
Does 2494 divide 79137114?
True
Is 348 a factor of 20200881?
False
Does 2062 divide 639865406?
True
Is 447 a factor of 19182498?
False
Does 2126 divide 750626820?
True
Is 20 a factor of 77304260?
True
Is 413559476 a multiple of 82?
False
Does 162 divide 76122773?
False
Is 80 a factor of 9631879?
False
Is 75760101 a multiple of 669?
False
Is 58221940 a multiple of 2890?
True
Is 739789291 a multiple of 3845?
False
Is 12 a factor of 27774799?
False
Is 18213507 a multiple of 16?
False
Does 140 divide 406082485?
False
Does 115 divide 206859585?
True
Is 1812978 a multiple of 18?
True
Is 310818261 even?
False
Is 13 a factor of 310887823?
False
Is 289020552 a multiple of 1356?
True
Is 792 a factor of 3091852368?
True
Is 186276408 a multiple of 394?
False
Does 3 divide 67202028?
True
Is 260415313 a multiple of 2580?
False
Is 106794085 a multiple of 61?
False
Is 52219952 even?
True
Is 22 a factor of 8007582?
True
Is 9 a factor of 41241186?
True
Is 54899621 a multiple of 230?
False
Is 22 a factor of 75820033?
False
Is 1342579 a multiple of 57?
False
Is 415 a factor of 38410740?
True
Does 14 divide 3082743?
False
Does 8 divide 3392716?
False
Is 43505263 a multiple of 281?
True
Is 1301898045 a multiple of 35?
True
Is 26 a factor of 35833356?
True
Is 496191107 a multiple of 3193?
False
Does 27 divide 778591764?
True
Does 23 divide 230996209?
False
Does 14 divide 27384924?
True
Does 322 divide 1267360766?
True
Is 4956221 a multiple of 55?
False
Is 23 a factor of 173760515?
True
Is 827848428 a multiple of 44?
True
Does 15 divide 80184895?
False
Does 5147 divide 27802691?
False
Does 429 divide 134423289?
True
Is 422 a factor of 2306842534?
False
Does 102 divide 3785930631?
False
Is 20296528 a multiple of 28?
True
Is 25302859 a multiple of 712?
False
Does 19 divide 146359660?
True
Does 5 divide 3601420?
True
Does 89 divide 30664548?
False
Does 17 divide 21116432?
False
Does 78 divide 3335972?
False
Is 40353212 a multiple of 1252?
True
Is 18 a factor of 18556380?
True
Does 4 divide 3107256?
True
Does 46 divide 50138084?
False
Is 9 a factor of 5206181?
False
Is 14 a factor of 1917927498?
False
Does 184 divide 520361568?
True
Is 1513396485 a multiple of 18?
False
Does 11 divide 17704896?
True
Does 266 divide 27931777?
False
Is 284585010 a multiple of 30?
True
Does 1664 divide 68037632?
True
Does 1092 divide 193753700?
False
Does 27 divide 5447452692?
False
Does 4 divide 23907488?
True
Is 4 a factor of 50494893?
False
Does 84 divide 43571136?
True
Is 45 a factor of 1320637080?
False
Is 2075786685 a multiple of 9?
True
Is 1192 a factor of 402899050?
False
Is 150 a factor of 32016900?
True
Is 32018586 a multiple of 156?
False
Is 4773561815 a multiple of 517?
True
Is 40531067 a multiple of 17?
False
Is 26320051 a multiple of 93?
False
Does 27 divide 2823039?
True
Is 478 a factor of 178259948?
False
Is 1067759713 a multiple of 12?
False
Does 243 divide 69359387?
False
Is 12 a factor of 16161696?
True
Is 264185272 a multiple of 152?
True
Is 21 a factor of 534786273?
True
Does 12 divide 31908076?
False
Is 734081074 a multiple of 51?
False
Does 116 divide 5216984?
True
Is 3532709520 a multiple of 360?
True
Is 36 a factor of 768960?
True
Does 530 divide 186870908?
False
Is 9 a factor of 313524972?
True
Is 8 a factor of 26554928?
True
Does 50 divide 283043700?
True
Is 874026568 a multiple of 69?
False
Is 242 a factor of 3285876?
True
Is 618247190 a multiple of 298?
True
Is 2314 a factor of 3178228092?
True
Is 67675686 a multiple of 956?
False
Is 224408440 a multiple of 440?
False
Is 1948 a factor of 30601132?
True
Is 54859864 a multiple of 193?
True
Does 181 divide 420460466?
True
Is 52 a factor of 34868158?
False
Is 1147 a factor of 32964668?
False
Is 235 a factor of 558976170?
True
Does 841 divide 686112324?
False
Is 360155075 a multiple of 8611?
True
Is 6888923 a multiple of 452?
False
Does 117 divide 3282888593?
False
Is 9993002 a multiple of 3?
False
Is 1557 a factor of 388016856?
True
Is 69 a factor of 567002?
False
Is 1716 a factor of 8295144?
True
Is 55 a factor of 268949262?
False
Is 101491057 a multiple of 3?
False
Is 29 a factor of 962073890?
False
Does 256 divide 584724040?
False
Does 12 divide 1371611655?
False
Does 182 divide 225780464?
True
Is 9 a factor of 7175480?
False
Does 1614 divide 98618628?
True
Is 1570918656 a multiple of 1032?
True
Is 137 a factor of 6518599?
False
Is 62268882 a multiple of 78?
True
Is 10 a factor of 50663605?
False
Is 117749184 a multiple of 224?
True
Is 3700253147 a multiple of 29?
False
Is 525062351 a multiple of 275?
False
Does 1092 divide 91143780?
True
Is 780 a factor of 104996580?
True
Does 13 divide 1054724190?
True
Does 21 divide 10909563?
True
Is 1224188063 a multiple of 142?
False
Is 69 a factor of 52458423?
True
Is 5 a factor of 554876722?
False
Does 27 divide 7265192?
False
Does 11 divide 52753085?
True
Is 143698250 a multiple of 335?
True
Is 53916501 a multiple of 727?
True
Does 5 divide 27978290?
True
Does 5557 divide 184280613?
False
Is 512 a factor of 24163069?
False
Is 856241077 a multiple of 101?
False
Does 542 divide 683498314?
True
Does 1339 divide 104814242?
True
Is 5 a factor of 200047470?
True
Does 8 divide 49263210?
False
Is 92484240 a multiple of 60?
True
Is 233510592 a multiple of 32?
True
Is 985 a factor of 34279970?
True
Is 30219947 a multiple of 49?
False
Does 6 divide 20999731?
False
Is 2960805640 a multiple of 8905?
True
Is 243 a factor of 64140336?
True
Is 10338118 a multiple of 412?
False
Is 910324170 a multiple of 162?
True
Does 15 divide 383714205?
True
Does 227 divide 11168173?
True
Is 5231010 a multiple of 2?
True
Is 1802291220 a multiple of 68?
False
Is 492345 a multiple of 27?
True
Is 615081189 a multiple of 538?
False
Is 3559972 a multiple of 32?
False
Does 139 divide 3516309132?
True
Is 12171 a factor of 4012231005?
True
Is 15078124 a multiple of 6?
False
Is 61 a factor of 10889903?
True
Is 38957726 a multiple of 143?
False
Does 38 divide 25057656?
True
Is 224 a factor of 1348442055?
False
Does 20 divide 158706691?
False
Does 2122 divide 26303749?
False
Does 2604 divide 2544709524?
True
Is 41 a factor of 5352878?
True
Is 4672 a factor of 140164217?
False
Is 5584013 a multiple of 271?
False
Is 33839302 a multiple of 282?
False
Is 1232 a factor of 11517968?
True
Does 11003 divide 4713582644?
False
Is 12920993 a multiple of 111?
False
Is 18 a factor of 212263560?
True
Is 31224336 a multiple of 2288?
True
Is 3594 a factor of 2497677278?
False
Is 471133163 a multiple of 4?
False
Does 1208 divide 655015048?
True
Does 419 divide 94499216?
False
Is 48918870 a multiple of 66?
True
Is 2036 a factor of 808833658?
False
Is 467 a factor of 257914045?
False
Does 646 divide 64016543?
False
Is 1586 a factor of 1113281522?
False
Is 48833932 a multiple of 21?
False
Is 12 a factor of 519308923?
False
Does 3549 divide 74898248?
False
Is 754946062 a multiple of 2091?
False
Is 12902400 a multiple of 800?
True
Does 21 divide 1088602389?
True
Is 442501681 a multiple of 1865?
False
Is